alculate the highest common divisor of 4526201 and 167.
167
What is the greatest common factor of 381408 and 232?
232
What is the greatest common divisor of 9615 and 240?
15
Calculate the highest common factor of 24 and 3797484.
12
Calculate the highest common factor of 4872 and 10872.
24
What is the highest common factor of 6704 and 1936?
16
Calculate the greatest common factor of 63 and 5480055.
63
What is the greatest common divisor of 964 and 596?
4
Calculate the greatest common factor of 4675 and 69700.
425
What is the highest common factor of 363 and 14641?
121
What is the highest common factor of 881 and 13674001?
881
Calculate the greatest common divisor of 246 and 11849.
41
What is the greatest common factor of 408 and 129744?
408
Calculate the highest common factor of 2296 and 196882.
574
Calculate the highest common divisor of 7381 and 26983.
121
What is the highest common divisor of 2842 and 50400?
14
What is the greatest common divisor of 25636 and 38947?
493
Calculate the greatest common divisor of 92089 and 68.
17
What is the greatest common factor of 252517 and 46?
23
What is the highest common divisor of 19765 and 236?
59
Calculate the greatest common factor of 4764 and 174.
6
What is the greatest common divisor of 676 and 512?
4
Calculate the greatest common divisor of 17600 and 462400.
1600
What is the greatest common divisor of 242 and 1727?
11
Calculate the highest common divisor of 133529 and 549.
61
Calculate the highest common factor of 4149222 and 14.
14
What is the highest common factor of 793 and 364?
13
What is the greatest common factor of 7760 and 485?
485
Calculate the highest common factor of 8986 and 34.
2
What is the greatest common factor of 217496 and 992?
248
What is the greatest common divisor of 1722 and 984?
246
Calculate the highest common divisor of 35 and 2265.
5
Calculate the greatest common factor of 4851 and 429.
33
Calculate the greatest common factor of 5940 and 140.
20
What is the greatest common factor of 2050 and 4592?
82
Calculate the highest common factor of 481 and 31561.
37
Calculate the highest common divisor of 6 and 3461721.
3
Calculate the highest common factor of 5117731 and 731.
731
What is the highest common factor of 4888 and 221?
13
Calculate the greatest common divisor of 78 and 266097.
39
What is the highest common factor of 243 and 1215?
243
What is the greatest common divisor of 16 and 129104?
16
What is the highest common divisor of 138 and 626?
2
What is the greatest common factor of 1066464 and 720?
144
What is the highest common divisor of 180 and 33570?
90
What is the highest common divisor of 28 and 1679734?
14
What is the greatest common divisor of 233298 and 260?
26
Calculate the greatest common divisor of 15488 and 8228.
484
What is the highest common divisor of 1064 and 145616?
152
What is the highest common factor of 3008 and 175216?
752
Calculate the highest common factor of 433916 and 56.
28
What is the highest common divisor of 76 and 480833?
19
Calculate the greatest common factor of 1367994 and 18.
6
Calculate the highest common divisor of 104 and 241852.
52
What is the highest common divisor of 722 and 3766313?
361
Calculate the greatest common factor of 792 and 56408.
88
What is the highest common factor of 455 and 1161069?
91
Calculate the greatest common divisor of 1122311 and 57.
19
Calculate the greatest common factor of 159 and 3.
3
What is the greatest common divisor of 194260 and 2640?
220
Calculate the greatest common factor of 102100 and 1700.
100
Calculate the highest common factor of 199911 and 111.
111
What is the highest common factor of 8817 and 1?
1
Calculate the greatest common factor of 21522 and 136.
34
What is the highest common divisor of 1776 and 120176?
592
What is the highest common factor of 216 and 1600308?
36
Calculate the highest common factor of 8998 and 198.
22
Calculate the greatest common divisor of 1180 and 157884.
236
What is the greatest common factor of 8954 and 1258?
74
What is the highest common factor of 127724 and 16?
4
What is the highest common factor of 58145 and 1595?
145
What is the greatest common factor of 212807 and 6363?
707
Calculate the highest common factor of 3358860 and 534.
534
What is the greatest common divisor of 1453 and 838381?
1453
What is the greatest common divisor of 840 and 67170?
30
Calculate the greatest common factor of 338175 and 123525.
2025
What is the greatest common factor of 1540 and 3270?
10
Calculate the highest common divisor of 22176 and 45056.
352
What is the highest common factor of 590 and 115?
5
What is the greatest common factor of 143343 and 108?
27
What is the highest common factor of 81022 and 17?
17
Calculate the highest common divisor of 1080 and 13137120.
1080
Calculate the greatest common factor of 5198260 and 340.
340
What is the highest common factor of 1033785 and 45?
45
What is the highest common factor of 98112 and 3444?
84
Calculate the highest common factor of 24417 and 12.
3
What is the highest common divisor of 1719939 and 195?
39
What is the highest common factor of 472450 and 550?
550
Calculate the highest common factor of 105 and 329865.
15
What is the highest common factor of 253028 and 4420?
68
Calculate the highest common divisor of 271 and 1693750.
271
What is the highest common divisor of 88 and 5038?
22
Calculate the highest common divisor of 918482 and 41.
41
What is the highest common factor of 462 and 203126?
154
What is the highest common divisor of 1963878 and 276?
138
Calculate the highest common divisor of 145261 and 116.
29
What is the greatest common divisor of 2745 and 11956?
61
Calculate the greatest common factor of 671781 and 99.
33
What is the highest common divisor of 30 and 306924?
6
What is the greatest common divisor of 50680 and 20?
20
What is the greatest common factor of 3839732 and 656?
164
What is the greatest common divisor of 58 and 1150459?
29
What is the highest common divisor of 710 and 125?
5
Calculate the highest common factor of 48 and 52912.
16
What is the greatest common factor of 2781 and 1485?
27
Calculate the greatest common factor of 871176 and 48.
24
Calculate the greatest common divisor of 41067 and 8112.
507
What is the highest common divisor of 1104 and 44?
4
What is the highest common divisor of 29 and 198592?
29
What is the highest common factor of 22016 and 1344?
64
Calculate the highest common divisor of 5723 and 2425.
97
What is the highest common factor of 30758 and 28?
14
Calculate the highest common divisor of 2565094 and 742.
742
Calculate the greatest common divisor of 61066 and 38.
38
What is the highest common factor of 4 and 62380?
4
Calculate the highest common divisor of 128 and 1359360.
128
Calculate the highest common divisor of 1028076 and 1344.
84
What is the highest common divisor of 15 and 1980735?
15
What is the highest common divisor of 1925 and 46255?
55
What is the highest common divisor of 165 and 4158?
33
Calculate the greatest common factor of 76878 and 27.
9
Calculate the greatest common factor of 41 and 1145745.
41
Calculate the greatest common divisor of 84 and 37590.
42
Calculate the highest common divisor of 317201 and 74.
37
Calculate the highest common divisor of 448 and 22967.
7
What is the greatest common divisor of 1001487 and 2959?
269
What is the highest common divisor of 2641 and 6811?
139
What is the highest common divisor of 3528 and 7224?
168
Calculate the highest common factor of 6095 and 2760.
115
Calculate the highest common factor of 6279 and 29757.
273
What is the highest common factor of 1151170 and 70?
10
Calculate the greatest common factor of 195 and 1852435.
65
What is the highest common divisor of 182 and 68549?
13
Calculate the highest common divisor of 23682 and 24.
6
Calculate the greatest common factor of 2226 and 245.
7
Calculate the greatest common factor of 9339 and 198.
33
Calculate the greatest common divisor of 234 and 25558.
26
Calculate the highest common divisor of 2892 and 4915436.
964
What is the greatest common divisor of 14550 and 1300?
50
Calculate the highest common divisor of 1168 and 3152.
16
Calculate the highest common divisor of 39 and 1207817.
13
Calculate the highest common divisor of 4233888 and 5490.
1098
Calculate the highest 